e 2 + -1 - ((-3 - 6) + 50 + -30).
-10
Evaluate 45 - 34 - (0 - (1 + 0)).
12
Calculate -5 - ((-4 - 8) + 6) - -4 - 9.
-4
33 - (26 + -21 + 12)
16
What is (0 - 6) + 5 + (-11 - -33) - -3?
24
What is 1 + -1 + (0 - (-5 - -5)) + -32?
-32
What is -190 - -183 - (1 - (-1 - -1))?
-8
What is 1 - -19 - (22 + -14)?
12
What is the value of 6 - (6 + -10 - -4 - 13)?
19
What is the value of -2 - (1 - (-19 - -4) - 13)?
-5
Calculate (-24 - ((-15 - -35) + -12)) + (3 - -1).
-28
Evaluate -7 - 4 - (-1 - -4 - (-6 - -10)).
-10
What is ((-7 + -1 - 14) + 12 - -13) + -3?
0
What is (-13 - 0) + (8 - -12 - 28)?
-21
Calculate 0 - (0 + 1) - 1.
-2
Evaluate -25 + (3 - -26) + 6 + 17.
27
Evaluate 30 - 28 - (-2 + -1) - (9 + -5).
1
Evaluate (0 - 10) + -14 + (-1 - -11).
-14
Evaluate -5 + 8 + -1 + 7 + 14 + 2.
25
Calculate -1 + -2 - (-67 - -69).
-5
8 + (-12 - (23 + -48))
21
Evaluate 10 + 17 + -6 - 34.
-13
Evaluate (-26 + 15 + -6 - -16) + -5 + 0.
-6
Calculate 4 + -6 + (11 - 6) + -3 + -4.
-4
What is -43 + 26 + (7 - (-4 - -5))?
-11
Evaluate 18 + (7 - (-20 - -23)).
22
Calculate (10 - 6) + (7 - 6) + 0.
5
Evaluate -5 + 0 + 26 + (4 - 11).
14
Evaluate (21 + 2 - (-12 - -20)) + -7.
8
0 + 6 + -2 + (-23 + 4 - 11)
-26
Evaluate 1 - (-4 - (-13 - -12)).
4
Evaluate -10 + (6 + 1 + -1 - 3).
-7
(-2 - -3 - -4) + (40 - (53 - 18))
10
What is -4 + (8 + 5 - -12)?
21
0 - (-15 - -25) - (-1 + -4 + 2)
-7
Evaluate (-4 - (13 - (6 + -6) - 4)) + 1.
-12
Calculate (148 - 145) + (14 - 1) + 5.
21
What is the value of 3 + (-9 - (4 - 10)) + (-24 - -30)?
6
-2 - ((4 - (-18 - -16)) + -25 + 0)
17
Calculate 50 + -42 - (3 + -8).
13
9 + (0 - (7 - (-7 + 17)))
12
What is the value of 8 + -15 + -19 + 4?
-22
(-16 - -5 - -23) + (-4 - 0) + 1
9
Calculate 10 + -12 + 17 + -11.
4
What is 9 + (-5 - -2 - 15)?
-9
4 + (-15 - 0) + -1
-12
23 + 4 + (84 - 132)
-21
Evaluate 0 + 3 - (62 + -56).
-3
What is the value of 111 - 146 - (10 + -16)?
-29
Calculate (-2 + -4 - (-15 - -10)) + 29.
28
Evaluate 126 + -147 + (17 - 6).
-10
Evaluate 7 - (-6 - -11) - (7 + -13).
8
What is the value of (5 - (11 - (0 + (0 - -6)))) + 6?
6
Evaluate -1 + 0 + 7 + 5 + 2 + -11.
2
What is the value of 8 + (-20 - -11 - 4)?
-5
Evaluate 0 - -11 - 20 - (0 - -6).
-15
Calculate 6 - 8 - (-1 + 21) - (-29 + 24).
-17
What is (0 - (12 + -5)) + 17 + -26?
-16
2 + -25 + 0 + 12 + -19
-30
What is the value of (0 + 4 - 4) + 8?
8
What is the value of 1 + (5 - 8 - -6) + -9?
-5
-11 + 15 + -29 - -39
14
7 + (23 + -8 - 34)
-12
What is the value of -4 - (7 - -12) - -4 - -21?
2
Evaluate 59 + (-9 - 22) + -8.
20
Evaluate -9 + (-19 - -12 - 6) + (-5 - 0).
-27
What is the value of (-18 - -5) + 19 - (-2 + -2 + 5)?
5
Calculate -9 - (13 + -7 + -15).
0
What is (-8 - (4 - (45 + 3) - -4)) + -8?
24
Calculate -18 + (10 - (4 - 1)).
-11
What is -6 - (-13 + -2 - (-158 + 129))?
-20
Evaluate 2 + 1 + (8 - (12 - 0)) - -20.
19
Evaluate -17 + 25 + -15 + -7 + 6.
-8
Evaluate (2 - -12) + -12 + -8 + 5.
-1
What is (4 - 1 - -3) + -4 - (55 - 35)?
-18
Evaluate -2 - -11 - (28 + 14 + -14 + -20).
1
-2 + -2 - (-73 + 40 + 43)
-14
Calculate 1 + (6 - 11) - (-25 - -9).
12
Evaluate 6 + -3 + (26 - 12 - 0).
17
Calculate 0 - -1 - 3 - ((-41 - -8) + 19).
12
What is 10 + -14 + 1 + 9?
6
Calculate 7 - (-6 + 2 + (-4 - -8)).
7
Evaluate -13 - (-12 + 8 + 2).
-11
What is the value of -5 + 1 - (0 - 14)?
10
Evaluate 152 + -134 + -11 + -2.
5
What is the value of -9 + 7 + -6 + 2 + 22?
16
14 + 1 + -8 - (-52 - -55)
4
Calculate 0 + 9 + (-6 - -3) + -5 + 5.
6
What is the value of (7 + 0 - 2) + 773 + -795?
-17
Evaluate -2 + 3 + -13 + 14.
2
Evaluate 8 - 17 - 11 - (-9 + 2 + 4).
-17
Evaluate -15 + 1 - (3 + (-10 - -4) + 1).
-12
Calculate -1 + 0 + (-20 + 43 - 25).
-3
0 + 1 + 4 - (129 + -137)
13
Evaluate (3 + -1 - -12) + (72 - 107).
-21
(5 - (-9 - 0)) + (1 - 6) + 4
13
0 + 0 + (-41 + 50 - (2 - 1))
8
(-4 - 5) + 0 + 22 + -1
12
Calculate 11 - 30 - 5 - 3.
-27
(-9 - -4) + 11 - (1 + (-1 - -4))
2
What is the value of 2 - 12 - (-11 - (-13 - -2))?
-10
Calculate (-4 - (6 + (-6 - -1) + -1)) + 3.
-1
What is 0 + 9 - ((4 - 20) + 9 + 18)?
-2
What is 9 + -11 + -3 - (14 - 3)?
-16
What is -27 + 26 + -2 - -24?
21
-2 - (-7 + 14 - (-2 + 26 + 0))
15
Evaluate -21 + (51 - (2 - -12)) + (-7 - 1).
8
Calculate 0 + (27 - 5) + (-19 - -36).
39
What is (-14 + 8 - -6) + -19 - -11?
-8
What is the value of 26 + 8 + -17 + -9?
8
What is (-2 - (2 - -6)) + (0 - -9 - 9)?
-10
(-6 - (10 - 0) - -9) + -1
-8
What is (22 - 19) + (-3 - -2 - 8) + 1?
-5
What is -9 + 12 + 6 + (6 - 3) + 3?
15
Evaluate (0 - -12) + (-3000 - -3022).
34
What is -5 - (1 - 26 - (55 - 64))?
11
What is the value of -2 + -4 + 1 - (9 + (-2 - 3))?
-9
-6 + (-9 - -6 - -20)
11
Evaluate -3 + 4 + 1 + 1.
3
(-31 - -20 - (-1 - 0)) + 13
3
What is the value of 8 - (4 - -2 - ((-3 - -11) + 1))?
11
Calculate -2 + 22 + -4 + 1.
17
Evaluate 7 - (20 + (-21 - -10)).
-2
What is the value of 18 + -3 - (23 - 13) - -14?
19
Evaluate -3 + 4 + 9 + 7 + -14.
3
Calculate 10 + (-1 - -3) - 14.
-2
-15 + (255 - 248) + 2 + (-1 - 1)
-8
Calculate 9 + 0 + (-60 - -38 - -7).
-6
Calculate (-9 - 1) + -39 + 36.
-13
What is (-4 - 2) + 11 + 5 + -16?
-6
What is the value of 8 - (5 + -16 + 6)?
13
Evaluate 43 - (5 - -41 - 40).
37
What is 28 + -71 + 56 + (-26 - 1)?
-14
What is (-29 - (24 + -51)) + -2 + 0 + 3?
-1
What is the value of (8 - -1) + (57 + -7 - 2 - 25)?
32
(50 - 25 - 34) + 1 + -5
-13
Calculate 7 - (-56 + 23 + 24).
16
((4 - 2) + 3 - (-2 + 4)) + 14
17
1 - -17 - (18 - 2)
2
0 + 34 + -38 + 3
-1
Calculate 5 + 0 + 9 + (-2 - -5).
17
What is -17 - -1 - (29 - (-5 - -14) - 22)?
-14
11 + -49 - (-83 + 33)
12
What is -3 - (-4 + 4) - (3 + -2)?
-4
What is 14 + (-13 - -3 - -5) - -7?
16
Calculate (3 - 10 - 20) + (19 - 8).
-16
What is the value of -3 + (-2 + 1 - -1) - (-57 + 69)?
-15
Evaluate (-1 - 8) + 7 + 3 - (4 - -21).
-24
5 - (-9 - 0 - (-13 + (-5 - 16)))
-20
Calculate 9 + (15 - -1) + (-2 - 6).
17
Calculate 11 - (-2 + 22) - (-11 + 21).
-19
What is -3 + 16 + -124 + 109?
-2
-54 + 54 - (0 + -1 + (9 - 16))
8
What is -14 + (16 - -6) + -4 + (14 - -3)?
21
(4 - 0) + 41 + -39
6
Calculate (-32 - -43) + (-9 - 5).
-3
What is the value of -2 - (1 + 3 + (15 - 25)) - -3?
7
What is (57 - 67 - (-1 + -8)) + 1?
0
What is the value of -5 - (13 - (11 - 1))?
-8
Evaluate -5 - 6 - -5 - (-2 - (24 - 3)).
17
What is 7 + (14 - 2) + -26?
-7
What is 15 - 32 - (-33 - 3)?
19
Evaluate 1 + (-18 + 19 - -11).
13
Calculate -7 + (16 + -6 - -4).
7
-3 - -21 - (0 + 11) - -9
16
Calculate (-26 - -1 - (-6 + -13)) + (-4 - -45).
35
22 + -32 - ((0 - -1) + 2)
-13
Calculate -18 + (7 - 9 - -16 - 30).
-34
Calculate 35 + -5 + 31 + -57.
4
What is (-1 - (0 - 11)) + (264 - 272) + -28?
-26
1 - (0 - 1) - (10 + -5)
-3
What is the value of 5 + (-23 - 23) + 34?
-7
What is the value of 13 - -11 - (0 + 6 + -4 + 6)?
16
Evaluate -4 - 6 - (-1 + 3) - (-90 + 93).
-15
What is -6 + (21 - 7) + (6 - 34)?
-20
9 - 2 - 7 - (19 - 15)
-4
What is (-16 - -88 - 44) + -9?
19
What is -15 + 7 + (-4 - -13 - 8)?
-7
Evaluate -8 - ((-1 - (0 + 0)) + -6).
-1
Calculate (0 - 7) + 0 - -8.
1
Calculate 2 + 0 + -4 + (12 - 8) + 4.
6
What is the value of (-4 - 7 - -7 - -6) + (-2 - -1)?
1
What is (3 - -8 - 3) + 0?
8
Calculate 1 - (7 + (0 - -4) + -8 + 12).
-14
-10 - (0 + 17 + -169 + 142)
0
-20 - (-1 + -1 + 443 + -450)
-11
Evaluate -14 - ((6 + -6 + 1 - 3) + 0).
-12
Evaluate -7 + 4 + (-19 - -8 - 4).
-18
What is the value of 8 + (-19 - -33) + -33?
-11
Calculate -1 - 18 - (194 - 221).
8
What is -27 + 28 + 8 + 5?
14
Evaluate 126 - 133 - (0 - 5).
-2
What is 1 - 4 - (-79 + 32 - -38)?
6
3 + -2 + 7 + 17 + -22
3
Calculate 2 + (2 - -3) - -5 - (-2 + 6).
8
What is the value of 0 + 9 - 0 - (-463 + 460)?
12
Evaluate (-2 - 10 - (1 + -3)) + (12 - 19).
-17
What is the value of 29 + 1 + -17 - 7?
6
10 + (-14 + 18 - 16)
-2
Evaluate 14 - (-368 + 354 + (0 - 0 - -9)).
19
Evaluate -11 - -23 - (-7 - -2) - (5 + 2).
10
What is the value of 14 + -12 + 6 + -4?
4
Calculate (0 + -6 + 0 - (548 - 534)) + 2.
-18
What is -8 + (-13 - -1) + 29 - (-1 - -31)?
-21
Calculate -8 + -2 + (-4 - (-10 + 8)).
-12
What is the value of (-3 - 5) + (42 - 27)?
7
What is 0 + -7 - (-110 - -107)?
-4
Calculate 0 + -12 - (-634 - -629).
-7
What is the value of 10 + -18 + 0 + -4 + -3?
-15
Calculate 0 - (14 + 9 + -13).
-10
3 + 5 + (0 - 4 - (-6 - -3))
7
Evaluate (2 - 3 - (4 + -2)) + -5 - -6.
-2
Calculate (10 + 5 - 9) + 5 + -3.
8
(-3 - (5 - -3) - 0 - -53) 